h be 933/6 - (828/24 - 35). Calculate the highest common divisor of m and h.
39
Let w(g) = g**2 + 21*g + 105. Let o(a) = a**2 - 50*a + 134. Let k be o(47). Let y be w(k). What is the highest common factor of y and 357?
7
Suppose 334 = z + 4*c + 78, 5*z = 3*c + 1280. Let r = -28 - -44. What is the highest common divisor of z and r?
16
Suppose -1 = -2*v + 5*n, -5*v = -4*v + 3*n - 17. Let q be 3*(9/6 + -2)*-18. Let s = 29 + q. What is the highest common factor of s and v?
8
Suppose 2261*j - 2307*j + 796720 = 0. Calculate the greatest common factor of 40 and j.
40
Let u = -1323 - -1351. Let o(k) = -5*k**2 + 2*k + 1. Let f be o(2). Let i be f*4/(-24)*u. Calculate the highest common divisor of 28 and i.
14
Let x be 124/6 - 16/(-12). Suppose 4*s = -2*c + x, -s - 28 = -4*c + 16. Calculate the highest common divisor of 220 and c.
11
Let u be (-1 - -3) + -4 - 285. Let m be (-100)/(-14) + 41/u. What is the highest common factor of m and 231?
7
Let z = -35 + 38. Suppose -z = p - 12. Let n(f) = 4*f - 18. Let c be n(p). What is the highest common divisor of c and 72?
18
Suppose -830*s = -832*s + 4170. Calculate the greatest common factor of s and 45.
15
Let w(h) = -295*h + 339. Let m be w(1). What is the greatest common factor of m and 6875?
11
Suppose 23*x - 1238 = 533. Suppose x - 51 = 2*y. What is the greatest common divisor of y and 403?
13
Let m = 5619 - 2794. What is the greatest common divisor of 226 and m?
113
Suppose 5*w - 5*j + 405 = 0, -3*j = j + 8. Let s = 288 + -196. Let v = w + s. What is the highest common factor of 12 and v?
3
Let l(x) = x**3 + 5*x**2 + 2*x + 16. Let q be l(-5). Suppose -i + 4*i - 3*z = 222, -3*z + q = 0. What is the highest common divisor of i and 152?
76
Let w = 32 + -48. Let i be 1*4/(w/124). Let s = i + 34. What is the greatest common divisor of 3 and s?
3
Suppose 0 = 2*j + b + 159, 2*j - 3*b + 177 = 30. Let h be (25/15)/(-5)*j. Suppose h + 214 = 6*u. What is the highest common divisor of u and 30?
10
Suppose -525 = -4*t - t. Let h = -1402 - -758. Let r = 659 + h. What is the highest common factor of r and t?
15
Suppose 11*r = 16*r - 3*l - 3120, 2*r - 2*l = 1244. What is the greatest common factor of r and 55?
11
Let r(t) = t**3 - 5*t**2 - 65*t - 9. Let w be r(11). Let k be ((-8)/(-10))/(1197/595 - w). What is the highest common divisor of 34 and k?
34
Let z be (-22 - -29)*(-1 - -5). Let n(x) = x**3 + x**2 - 3*x + 7. Let w be n(-7). Let q = w + 462. Calculate the highest common factor of q and z.
28
Suppose 0 = a - u + 4*u - 24, -2*u = -3*a + 116. Let n be (-4)/a + (-25926)/(-54). What is the greatest common factor of n and 12?
12
Suppose -3*l = 7*l - 640. Suppose -l*a - 7 = -583. Let o(x) = 14*x**2 + 2*x - 1. Let j be o(1). Calculate the highest common factor of j and a.
3
Let z be (-8)/(2*(-5)/10). Let f be z/((2/9)/(1/9)). Suppose -f*x + 332 = 20. Calculate the greatest common divisor of x and 52.
26
Let x = -73 - -83. Let k(r) = -r + 30. Let s be k(x). Let n = s + 56. What is the greatest common factor of n and 38?
38
Let z = -2931 - -3057. What is the highest common factor of z and 306?
18
Let a = 15520 + -12486. Calculate the greatest common divisor of 82 and a.
82
Suppose 3*t - 8*t = -15. Let r be (-3)/((-12)/128) - t. Suppose -3*d - 5 = -r. Calculate the highest common divisor of 64 and d.
8
Suppose 3*u - 3*n = 3003 + 9003, u = -22*n + 3933. What is the greatest common factor of u and 258?
129
Let a = 22719 - -10090. Calculate the greatest common factor of a and 86.
43
Suppose -5*v + 914 = 779. What is the highest common divisor of v and 387?
9
Let w be (-2)/(-5) - 928/(-80). Suppose w*z - 768 = 4*z. What is the greatest common factor of z and 48?
48
Suppose 23515 = 7*j + 16459. Calculate the greatest common factor of j and 45.
9
Let y = 205 - 142. Let i = -1305 - -1410. Calculate the greatest common factor of y and i.
21
Let y be 13 + (6 + 4)/5. Let s = 54 + y. Calculate the greatest common divisor of s and 23.
23
Let w(k) = -143*k + 1692. Let u be w(9). What is the highest common divisor of u and 225?
45
Let x = -2610 - -2625. Suppose 3*i = 7 - 1. Suppose -i*y - y - 672 = -4*p, -5*p + y + 829 = 0. What is the greatest common divisor of x and p?
15
Suppose 0*l + 4*l - 3*a = 21, -4 = -4*a. Let v be (3/l)/((-7)/56). Let q be v - ((-392)/63 + 6/27). Calculate the highest common divisor of q and 5.
1
Suppose 4*x - 5*r = -2492, -8*r = -9*r. Let v = x + 733. Calculate the greatest common factor of v and 10.
10
Let q = 5 - -15. Suppose 4*l + 46 = b, -3*l - l + q = 0. Suppose 0 = 3*m + 2*g - b, m = 5*g + 50 - 11. What is the greatest common factor of 3 and m?
3
Let b = 1063 - 958. What is the greatest common divisor of 875 and b?
35
Suppose 0 = -d - c + 180, -4*d + 14*c = 15*c - 735. What is the greatest common factor of 40 and d?
5
Suppose 5*u = 190 + 60. Let j be (-2)/(((-36)/438)/(-3))*-105. Let s be j/385 - -2*(-1)/(-22). What is the greatest common factor of s and u?
10
Suppose -1626 = -30*b + 3474. Suppose -9*f + 145 = -b. Calculate the greatest common factor of f and 21.
7
Suppose -11*s = -18*s + 28. Let g(u) = u**2 + 5*u - 14. Let v be g(s). Calculate the greatest common divisor of v and 143.
11
Let g(y) = -873*y - 3484. Let p be g(-4). Let o = 48 - 68. Let k = p - o. What is the highest common divisor of 4 and k?
4
Suppose -1155 = -0*t - 3*t. Let g = 254 - 254. Suppose -4*b = -3*n + 89, 0 = -3*n - g*b + 5*b + 85. What is the highest common factor of n and t?
35
Let k be ((-60)/(-36))/(((-70)/72)/(-7)). Suppose a - 2 = 3. Suppose -a*c + 7*c - 24 = 0. What is the greatest common factor of c and k?
12
Let v = 0 + 2. Let w be -4*(v + (-36)/16)*5. Calculate the greatest common factor of 55 and w.
5
Let g(u) = u**3 + 60*u**2 - 82*u - 958. Let t be g(-61). Calculate the highest common divisor of 285 and t.
19
Let i(c) = c**2 - 3*c - 63. Let v be i(0). Let n = 51 + v. Let h be (n/(-7))/((-316)/(-308) - 1). Calculate the greatest common divisor of 11 and h.
11
Suppose 2*h - 559 = x, 2*h - 5*x - 1115 = -2*h. Suppose -2*u = 3*u - h. What is the greatest common divisor of u and 24?
8
Let g be (-6)/(-9) - 0 - (-370)/111. Suppose 5 = 4*j + 2*a - 41, j - 3*a = 1. What is the greatest common factor of j and g?
2
Suppose -37*k + 4347 = 72*k - 40*k. Calculate the highest common divisor of k and 2037.
21
Let a be -46*(-10)/3 + (-64)/48. Let k = -62 + a. What is the highest common factor of k and 18?
18
Suppose 4*y - 24*r = -22*r - 1002, 253 = -y + r. Let g be (-126)/(-105) - y/10. What is the greatest common factor of g and 962?
26
Suppose -1156*w = -1151*w - 15. Let f be ((-3)/(-4))/(w/48). What is the highest common divisor of 192 and f?
12
Suppose -4*l - 5*d + 38 = 0, -40 = -28*l + 25*l + 2*d. What is the highest common divisor of l and 1668?
12
Suppose 0 = d + q - 21, -q = 4*d + 23 - 116. Calculate the highest common factor of 312 and d.
24
Suppose -369 = -5*z + 2*p, -z - 46*p = -41*p - 90. Calculate the highest common divisor of z and 1485.
15
Let u(g) = 40*g + 346. Let y be u(-8). Calculate the greatest common factor of 5720 and y.
26
Suppose -j - 37*u + 36 = -42*u, j - 2*u - 27 = 0. What is the highest common divisor of 624 and j?
3
Let i(t) = 17*t - 31*t - 2*t**2 + 14*t + 15 + 11*t. Let k be i(-12). Let c be 10/15*k/(-6). Calculate the greatest common divisor of c and 9.
9
Suppose -3*q - 2*m + 33 = 0, -4*q - 3*m + 5*m = -30. Suppose q*t - 8*t = 25. What is the highest common factor of t and 5?
5
Let w be (-1)/(1/2*20/(-20)). Suppose -5*a - 4*r + 430 = r, w*a - 202 = 4*r. Calculate the highest common divisor of 13 and a.
13
Let o(w) = 49*w**2 - 39*w + 74. Let l be o(2). Let j be -11 - l/(-16) - (0 + -5). What is the greatest common factor of 48 and j?
6
Suppose -3 = d - 8. Let c(u) be the first derivative of 11*u**2/2 - 6*u + 1175. Let q be c(d). Calculate the highest common factor of q and 7.
7
Suppose 81*n = -16*n + 18*n + 3792. Let f(g) = g**2 - g + 256. Let t be f(0). Calculate the greatest common factor of t and n.
16
Suppose 302*i - 528 = 290*i. Suppose 0 = 6*t - t - 15. Suppose b - 16 = -10*s + 5*s, -5*b - t*s = -58. Calculate the highest common factor of i and b.
11
Suppose v = 27 + 65. Suppose -19*w + 252 = -185. What is the highest common factor of v and w?
23
Let s be (((-180)/(-8))/15)/((-2)/(-12)). Suppos